he remainder when 356 is divided by 342.
14
Calculate the remainder when 32 is divided by 7.
4
Calculate the remainder when 561 is divided by 547.
14
What is the remainder when 559 is divided by 181?
16
Calculate the remainder when 641 is divided by 634.
7
What is the remainder when 462 is divided by 97?
74
What is the remainder when 247 is divided by 35?
2
Calculate the remainder when 339 is divided by 34.
33
Calculate the remainder when 3549 is divided by 158.
73
What is the remainder when 1796 is divided by 895?
6
What is the remainder when 37 is divided by 23?
14
What is the remainder when 21854 is divided by 15?
14
Calculate the remainder when 4044 is divided by 14.
12
Calculate the remainder when 318 is divided by 89.
51
Calculate the remainder when 182 is divided by 61.
60
Calculate the remainder when 109 is divided by 14.
11
Calculate the remainder when 1260 is divided by 416.
12
What is the remainder when 157 is divided by 52?
1
Calculate the remainder when 4213 is divided by 98.
97
Calculate the remainder when 744 is divided by 19.
3
What is the remainder when 179 is divided by 16?
3
What is the remainder when 52720 is divided by 87?
85
Calculate the remainder when 136 is divided by 67.
2
Calculate the remainder when 486 is divided by 10.
6
What is the remainder when 242 is divided by 49?
46
What is the remainder when 140 is divided by 46?
2
Calculate the remainder when 1076 is divided by 532.
12
Calculate the remainder when 177 is divided by 36.
33
What is the remainder when 1170 is divided by 56?
50
What is the remainder when 42 is divided by 2?
0
What is the remainder when 492 is divided by 56?
44
Calculate the remainder when 345 is divided by 89.
78
What is the remainder when 479 is divided by 32?
31
What is the remainder when 732 is divided by 89?
20
What is the remainder when 989 is divided by 166?
159
What is the remainder when 234 is divided by 57?
6
Calculate the remainder when 474 is divided by 24.
18
Calculate the remainder when 119 is divided by 30.
29
What is the remainder when 2078 is divided by 37?
6
What is the remainder when 244 is divided by 62?
58
What is the remainder when 4197 is divided by 140?
137
What is the remainder when 299 is divided by 5?
4
Calculate the remainder when 351 is divided by 237.
114
Calculate the remainder when 637 is divided by 58.
57
Calculate the remainder when 307 is divided by 243.
64
Calculate the remainder when 340 is divided by 57.
55
What is the remainder when 347 is divided by 79?
31
What is the remainder when 8 is divided by 4?
0
Calculate the remainder when 2186 is divided by 2186.
0
What is the remainder when 292 is divided by 149?
143
What is the remainder when 2005 is divided by 50?
5
Calculate the remainder when 1055 is divided by 132.
131
What is the remainder when 6203 is divided by 84?
71
Calculate the remainder when 1868 is divided by 35.
13
Calculate the remainder when 2770 is divided by 163.
162
Calculate the remainder when 211 is divided by 18.
13
Calculate the remainder when 166 is divided by 6.
4
Calculate the remainder when 13 is divided by 2.
1
What is the remainder when 1148 is divided by 1039?
109
What is the remainder when 917 is divided by 407?
103
Calculate the remainder when 89 is divided by 39.
11
Calculate the remainder when 4462 is divided by 93.
91
Calculate the remainder when 797 is divided by 386.
25
Calculate the remainder when 67 is divided by 7.
4
What is the remainder when 2507 is divided by 157?
152
Calculate the remainder when 2808 is divided by 148.
144
What is the remainder when 573 is divided by 48?
45
Calculate the remainder when 724 is divided by 73.
67
Calculate the remainder when 660 is divided by 39.
36
Calculate the remainder when 15137 is divided by 29.
28
Calculate the remainder when 277 is divided by 12.
1
What is the remainder when 186 is divided by 49?
39
What is the remainder when 288 is divided by 58?
56
Calculate the remainder when 311 is divided by 100.
11
Calculate the remainder when 84 is divided by 27.
3
Calculate the remainder when 3687 is divided by 217.
215
What is the remainder when 4451 is divided by 55?
51
Calculate the remainder when 68 is divided by 30.
8
Calculate the remainder when 507 is divided by 17.
14
What is the remainder when 160 is divided by 5?
0
What is the remainder when 57 is divided by 43?
14
What is the remainder when 620 is divided by 161?
137
What is the remainder when 270 is divided by 23?
17
What is the remainder when 1011 is divided by 39?
36
Calculate the remainder when 223 is divided by 20.
3
What is the remainder when 5128 is divided by 114?
112
What is the remainder when 134 is divided by 75?
59
Calculate the remainder when 202 is divided by 51.
49
What is the remainder when 1623 is divided by 25?
23
Calculate the remainder when 679 is divided by 17.
16
Calculate the remainder when 202 is divided by 41.
38
What is the remainder when 1294 is divided by 93?
85
What is the remainder when 103 is divided by 39?
25
Calculate the remainder when 285 is divided by 32.
29
What is the remainder when 18673 is divided by 14?
11
What is the remainder when 490 is divided by 101?
86
What is the remainder when 651 is divided by 14?
7
Calculate the remainder when 1507 is divided by 151.
148
What is the remainder when 899 is divided by 90?
89
Calculate the remainder when 115 is divided by 23.
0
Calculate the remainder when 102 is divided by 48.
6
What is the remainder when 3595 is divided by 24?
19
Calculate the remainder when 234 is divided by 79.
76
Calculate the remainder when 162 is divided by 62.
38
What is the remainder when 496 is divided by 15?
1
What is the remainder when 49485 is divided by 48?
45
What is the remainder when 1883 is divided by 157?
156
Calculate the remainder when 382 is divided by 31.
10
What is the remainder when 2035 is divided by 41?
26
Calculate the remainder when 484 is divided by 26.
16
What is the remainder when 52 is divided by 11?
8
What is the remainder when 7883 is divided by 83?
81
Calculate the remainder when 52 is divided by 30.
22
What is the remainder when 160 is divided by 55?
50
What is the remainder when 4768 is divided by 159?
157
What is the remainder when 39 is divided by 27?
12
What is the remainder when 190 is divided by 32?
30
Calculate the remainder when 4759 is divided by 119.
118
Calculate the remainder when 5166 is divided by 136.
134
What is the remainder when 15999 is divided by 125?
124
Calculate the remainder when 132 is divided by 66.
0
What is the remainder when 1415 is divided by 31?
20
What is the remainder when 379 is divided by 178?
23
Calculate the remainder when 164 is divided by 98.
66
Calculate the remainder when 1079 is divided by 57.
53
What is the remainder when 139 is divided by 47?
45
What is the remainder when 175 is divided by 102?
73
What is the remainder when 477 is divided by 30?
27
What is the remainder when 610 is divided by 102?
100
What is the remainder when 452 is divided by 60?
32
What is the remainder when 45 is divided by 27?
18
What is the remainder when 76 is divided by 17?
8
Calculate the remainder when 520 is divided by 6.
4
Calculate the remainder when 69 is divided by 34.
1
What is the remainder when 586 is divided by 175?
61
What is the remainder when 974 is divided by 193?
9
Calculate the remainder when 13234 is divided by 217.
214
Calculate the remainder when 20063 is divided by 33.
32
What is the remainder when 69479 is divided by 10?
9
What is the remainder when 188 is divided by 56?
20
What is the remainder when 8581 is divided by 116?
113
Calculate the remainder when 209 is divided by 53.
50
What is the remainder when 30446 is divided by 176?
174
What is the remainder when 1086 is divided by 78?
72
What is the remainder when 84 is divided by 40?
4
Calculate the remainder when 62 is divided by 23.
16
What is the remainder when 2998 is divided by 77?
72
What is the remainder when 846 is divided by 34?
30
What is the remainder when 637 is divided by 193?
58
What is the remainder when 303 is divided by 8?
7
What is the remainder when 4091 is divided by 65?
61
What is the remainder when 479 is divided by 42?
17
Calculate the remainder when 6702 is divided by 149.
146
Calculate the remainder when 1063 is divided by 